{"id":103,"date":"2023-04-13T11:26:01","date_gmt":"2023-04-13T16:26:01","guid":{"rendered":"https:\/\/iesantarosa.edu.co\/?page_id=103"},"modified":"2023-04-19T15:18:40","modified_gmt":"2023-04-19T20:18:40","slug":"inicio","status":"publish","type":"page","link":"https:\/\/iesantarosa.edu.co\/","title":{"rendered":"Inicio"},"content":{"rendered":"\n<div class=\"wp-block-columns is-layout-flex wp-container-core-columns-is-layout-9d6595d7 wp-block-columns-is-layout-flex\">\n<div class=\"wp-block-column is-layout-flow wp-block-column-is-layout-flow\">\n<figure class=\"wp-block-image size-large\"><img loading=\"lazy\" decoding=\"async\" width=\"1024\" height=\"768\" src=\"https:\/\/iesantarosa.edu.co\/wp-content\/uploads\/2023\/04\/1681404798769-1024x768.jpg\" alt=\"\" class=\"wp-image-114\" srcset=\"https:\/\/iesantarosa.edu.co\/wp-content\/uploads\/2023\/04\/1681404798769-1024x768.jpg 1024w, https:\/\/iesantarosa.edu.co\/wp-content\/uploads\/2023\/04\/1681404798769-300x225.jpg 300w, https:\/\/iesantarosa.edu.co\/wp-content\/uploads\/2023\/04\/1681404798769-768x576.jpg 768w, https:\/\/iesantarosa.edu.co\/wp-content\/uploads\/2023\/04\/1681404798769-360x270.jpg 360w, https:\/\/iesantarosa.edu.co\/wp-content\/uploads\/2023\/04\/1681404798769.jpg 1500w\" sizes=\"auto, (max-width: 1024px) 100vw, 1024px\" \/><figcaption class=\"wp-element-caption\">Matr\u00edculas<\/figcaption><\/figure>\n<\/div>\n\n\n\n<div class=\"wp-block-column is-layout-flow wp-block-column-is-layout-flow\">\n<figure class=\"wp-block-image size-large\"><img loading=\"lazy\" decoding=\"async\" width=\"1024\" height=\"768\" src=\"https:\/\/iesantarosa.edu.co\/wp-content\/uploads\/2023\/04\/1681404798769-1-1024x768.jpg\" alt=\"\" class=\"wp-image-115\" srcset=\"https:\/\/iesantarosa.edu.co\/wp-content\/uploads\/2023\/04\/1681404798769-1-1024x768.jpg 1024w, https:\/\/iesantarosa.edu.co\/wp-content\/uploads\/2023\/04\/1681404798769-1-300x225.jpg 300w, https:\/\/iesantarosa.edu.co\/wp-content\/uploads\/2023\/04\/1681404798769-1-768x576.jpg 768w, https:\/\/iesantarosa.edu.co\/wp-content\/uploads\/2023\/04\/1681404798769-1-360x270.jpg 360w, https:\/\/iesantarosa.edu.co\/wp-content\/uploads\/2023\/04\/1681404798769-1.jpg 1500w\" sizes=\"auto, (max-width: 1024px) 100vw, 1024px\" \/><figcaption class=\"wp-element-caption\">Horarios<\/figcaption><\/figure>\n<\/div>\n\n\n\n<div class=\"wp-block-column is-layout-flow wp-block-column-is-layout-flow\">\n<figure class=\"wp-block-image size-large\"><img loading=\"lazy\" decoding=\"async\" width=\"1024\" height=\"768\" src=\"https:\/\/iesantarosa.edu.co\/wp-content\/uploads\/2023\/04\/1681404798769-2-1024x768.jpg\" alt=\"\" class=\"wp-image-116\" srcset=\"https:\/\/iesantarosa.edu.co\/wp-content\/uploads\/2023\/04\/1681404798769-2-1024x768.jpg 1024w, https:\/\/iesantarosa.edu.co\/wp-content\/uploads\/2023\/04\/1681404798769-2-300x225.jpg 300w, https:\/\/iesantarosa.edu.co\/wp-content\/uploads\/2023\/04\/1681404798769-2-768x576.jpg 768w, https:\/\/iesantarosa.edu.co\/wp-content\/uploads\/2023\/04\/1681404798769-2-360x270.jpg 360w, https:\/\/iesantarosa.edu.co\/wp-content\/uploads\/2023\/04\/1681404798769-2.jpg 1500w\" sizes=\"auto, (max-width: 1024px) 100vw, 1024px\" \/><figcaption class=\"wp-element-caption\">Proyectos<\/figcaption><\/figure>\n<\/div>\n<\/div>\n\n\n<ul class=\"wp-block-latest-posts__list wp-block-latest-posts\"><li><a class=\"wp-block-latest-posts__post-title\" href=\"https:\/\/iesantarosa.edu.co\/index.php\/2026\/04\/22\/invitacion-no-05-2026-orden-no-4143-062-26-006-2026-mantenimiento-locativo\/\">INVITACI\u00d3N No. 05-2026 ORDEN No. 4143.062.26.006-2026. Mantenimiento Locativo<\/a><\/li>\n<li><a class=\"wp-block-latest-posts__post-title\" href=\"https:\/\/iesantarosa.edu.co\/index.php\/2026\/04\/22\/invitacion-no-04-2026-orden-no-4143-062-26-005-2026-adecuacion-tienda-escolar\/\">INVITACI\u00d3N No. 04-2026 ORDEN No. 4143.062.26.005-2026 Adecuaci\u00f3n Tienda Escolar<\/a><\/li>\n<li><a class=\"wp-block-latest-posts__post-title\" href=\"https:\/\/iesantarosa.edu.co\/index.php\/2026\/04\/22\/invitacion-publica-no-4143-062-26-004-2026-asesoria-contable\/\">Invitaci\u00f3n P\u00fablica No. 4143.062.26.004-2026. Asesor\u00eda Contable<\/a><\/li>\n<li><a class=\"wp-block-latest-posts__post-title\" href=\"https:\/\/iesantarosa.edu.co\/index.php\/2026\/03\/24\/acta-de-cierre-y-evaluacion-propuestas-invitacion-arrendamieto-tienda-escolar\/\">Acta de Cierre y Evaluaci\u00f3n Propuestas Invitaci\u00f3n Arrendamieto Tienda Escolar<\/a><\/li>\n<li><a class=\"wp-block-latest-posts__post-title\" href=\"https:\/\/iesantarosa.edu.co\/index.php\/2026\/03\/18\/informe-rendicion-de-cuentas-vigencia-2025\/\">Informe Rendici\u00f3n de Cuentas Vigencia 2025<\/a><\/li>\n<\/ul>","protected":false},"excerpt":{"rendered":"","protected":false},"author":1,"featured_media":0,"parent":0,"menu_order":0,"comment_status":"closed","ping_status":"closed","template":"","meta":{"_themeisle_gutenberg_block_has_review":false,"footnotes":""},"class_list":["post-103","page","type-page","status-publish","hentry"],"_links":{"self":[{"href":"https:\/\/iesantarosa.edu.co\/index.php\/wp-json\/wp\/v2\/pages\/103","targetHints":{"allow":["GET"]}}],"collection":[{"href":"https:\/\/iesantarosa.edu.co\/index.php\/wp-json\/wp\/v2\/pages"}],"about":[{"href":"https:\/\/iesantarosa.edu.co\/index.php\/wp-json\/wp\/v2\/types\/page"}],"author":[{"embeddable":true,"href":"https:\/\/iesantarosa.edu.co\/index.php\/wp-json\/wp\/v2\/users\/1"}],"replies":[{"embeddable":true,"href":"https:\/\/iesantarosa.edu.co\/index.php\/wp-json\/wp\/v2\/comments?post=103"}],"version-history":[{"count":5,"href":"https:\/\/iesantarosa.edu.co\/index.php\/wp-json\/wp\/v2\/pages\/103\/revisions"}],"predecessor-version":[{"id":165,"href":"https:\/\/iesantarosa.edu.co\/index.php\/wp-json\/wp\/v2\/pages\/103\/revisions\/165"}],"wp:attachment":[{"href":"https:\/\/iesantarosa.edu.co\/index.php\/wp-json\/wp\/v2\/media?parent=103"}],"curies":[{"name":"wp","href":"https:\/\/api.w.org\/{rel}","templated":true}]}}